ime factors of j?
67, 131
Let c(s) = 44*s**2 + 11*s - 1472. What are the prime factors of c(-29)?
23, 1531
Suppose 0*n + 192546 = 6*l + 2*n, 0 = 3*l + 3*n - 96255. What are the prime factors of l?
2, 3, 1783
List the prime factors of 34 - 29 - (3*-2341 - 2).
2, 5, 19, 37
Let p = -472 - -456. Let y(q) = -88*q - 112. What are the prime factors of y(p)?
2, 3
Let l = -693 + 718. Suppose 5*x + l = 0, 6*p - 3*p - 5*x - 826 = 0. List the prime factors of p.
3, 89
Let o(g) = 10*g**2 - 22*g + 12*g**2 + 8*g**2 + 10*g**2 - 39*g**2 + 132. List the prime factors of o(17).
47
Let a = -13 + 6. Suppose c - 500 = -426. What are the prime factors of -5 + c/14 + (-1923)/a?
5, 11
Suppose 5*o = -5*w + 1720, 0 = -32*o + 33*o + 5*w - 316. List the prime factors of o.
3, 13
Let m = 23714 - 7332. What are the prime factors of m?
2, 8191
Let n(m) = m**3 - 4*m**2 - 10*m + 7. Let i be n(6). List the prime factors of 1574/4 + i/38.
2, 197
Suppose 6 - 1 = t, 2*t - 10 = 2*o. Let q be o*(3/18 + (-1)/(-6)). Suppose -d + q*d = -169. What are the prime factors of d?
13
Let v(x) = -20*x**2 + 16*x - 2*x**3 + 0*x**3 + 12 + 0 + 5*x**2 + 2. List the prime factors of v(-10).
2, 3, 59
Suppose 16*y = 5*f + 20*y - 1557, -3*f + 2*y + 921 = 0. List the prime factors of f.
3, 103
Suppose 3*r - 2*q - 18228 = 0, -15262 = -2*r + 5*q - 3121. What are the prime factors of r?
2, 3, 1013
Suppose -3*f = f - 38408 - 8124. What are the prime factors of f?
11633
Let b be 288 - 6/(-12)*-4. List the prime factors of (b/55)/(-2 - 962/(-480)).
2, 3, 13
Let r(b) = 35*b**2 + 233*b + 90. What are the prime factors of r(-44)?
2, 31, 929
Let g(t) = -2*t**3 - 5*t**2 + 2*t - 22. Suppose 6*h - 26 = 10*h + y, -5*y = -5*h - 45. What are the prime factors of g(h)?
3, 5
What are the prime factors of (-2)/28 - 2/56*-30774?
7, 157
Suppose 10905 = 3*b - 3*l, 6*b + 5*l = 3*b + 10873. List the prime factors of b.
3631
Let x(n) be the second derivative of -73*n**3/6 + 165*n**2/2 + 150*n. List the prime factors of x(-9).
2, 3, 137
Let y(r) = r**2 - 10*r - 21. Let g be 30*(1 - 9/15). Let l be y(g). Suppose -2*d + 4*d - 207 = l*h, -545 = -5*d + 2*h. List the prime factors of d.
3, 37
Let c = 4 + 19. Suppose c*l - 3375 = 8148. What are the prime factors of l?
3, 167
Let t(z) = -z**3 - z**2 + 7. Let p be t(0). Suppose 0*c + 42 = p*c. List the prime factors of (c/9)/(12/2934).
163
List the prime factors of -11 - -37481 - (4/2 + -10).
2, 7, 2677
Let c be (-8 + 7970/(-15))/((-4)/(-6)). Let v = c - -1263. List the prime factors of v.
2, 227
Let j = -1966 - -6146. What are the prime factors of j?
2, 5, 11, 19
Suppose -4*h + 5*h = 2*n, 2*n = -h + 8. What are the prime factors of (-3)/((-9)/(-6)) + (n - -41)?
41
Suppose -4*q = -7*x - 10262, 3*q = -5*x + 4759 + 2876. What are the prime factors of q?
5, 7, 73
Let t be 384 - (350/(-125))/(4/10). Let d(v) = -18*v**2 - 3*v + 5. Let m be d(-4). Let j = t + m. What are the prime factors of j?
2, 3, 5
Let p(d) = 184*d**2 - 3*d + 5. Let v be p(2). Suppose 1393 = 4*m - v. Suppose 6*w + w = m. What are the prime factors of w?
2, 19
Let a(l) = -4*l**2 - 28*l + 12053. What are the prime factors of a(0)?
17, 709
Suppose 0 = -2*r + m - 89, -r - 68 + 18 = 5*m. Let w = 28 - -43. Let k = r + w. What are the prime factors of k?
2, 13
Suppose -4*h + 70 - 74 = 0. Let r(v) = -165*v + 6. What are the prime factors of r(h)?
3, 19
What are the prime factors of -1*28/8*3698*36/(-42)?
2, 3, 43
Let r = -8213 + 16323. What are the prime factors of r?
2, 5, 811
Let l(q) = -4*q - 25. Let b be l(-11). Suppose b*i = 18*i. Suppose -2*j - 3*z = -144, j - 4*z + z - 81 = i. List the prime factors of j.
3, 5
Let i = -4584 + 13995. What are the prime factors of i?
3, 3137
Suppose -5*a + 5*d + 35 = 0, -5*d + 25 = 5*a + 20. What are the prime factors of (70/a)/5*452 + 6?
2, 397
Suppose 236*w = 203*w + 615615. List the prime factors of w.
5, 7, 13, 41
Suppose -n + 4523 = 2*y - 5379, -3*n = 4*y - 29702. What are the prime factors of n?
2, 7, 101
Suppose -5 - 1 = -2*f. Suppose -3*o + n = 69, -40 - 79 = 5*o - f*n. Let k = 2 - o. List the prime factors of k.
2, 3
Let z be 20/1*(-88)/(-5). Let s(y) = -2*y**2 + 5*y**3 + 3*y - 4*y**3 + 355 - z. List the prime factors of s(3).
3, 7
Let r be (-6 - -1) + 5 - -1. Let s(l) = r + l - 3*l + 0 + 0 + 199*l**2. What are the prime factors of s(1)?
2, 3, 11
Let a = 90941 - 52757. What are the prime factors of a?
2, 3, 37, 43
Let k(u) = 24*u**3 + 59*u**2 - 445*u + 19. List the prime factors of k(7).
23, 349
Let v be -7 + -1 + 20 - 4. Let g(j) = -j**3 + 11*j**2 - 7*j - 22. List the prime factors of g(v).
2, 3, 19
Let j be 14754/12 - (28/8 - 3). Suppose -u + 4*u = 5*k + j, 0 = 3*u + 3*k - 1221. List the prime factors of u.
2, 3, 17
Let y(n) = 8601*n**2 + 14*n - 14. What are the prime factors of y(1)?
3, 47, 61
Let h(u) = 11 + u + 2*u + 3*u. Let n be h(4). Suppose 5*t = 30 + n. What are the prime factors of t?
13
Suppose -7*h = -30*h + 101246. What are the prime factors of h?
2, 31, 71
Suppose -3*r + 3*u - 262 = -7*r, -4*u - 142 = -2*r. Let n be -2*(59/(-2) - -3). Let p = r - n. List the prime factors of p.
2, 7
Suppose -2*z - 2*d = -64348, 46*z - 51*z = -2*d - 160856. What are the prime factors of z?
2, 3, 7, 383
Let s(g) = -156*g**3 - 13*g**2 - 6*g - 132. List the prime factors of s(-6).
2, 3, 11, 251
Suppose -2*m + 8 = 2. Suppose -m*c + x + 14 = 0, -2*c = 2*c - 2*x - 18. Suppose 159 = 2*i + 3*f - 318, 5*i + c*f = 1185. What are the prime factors of i?
2, 3, 13
Let t(g) = -2*g**2 - 24*g + 1991. List the prime factors of t(0).
11, 181
Let d(c) = c**2 - c - 12. Suppose -3*p + 2*n - 6*n + 2 = 0, 0 = -4*p + 3*n + 36. Let a be ((-14)/p)/((-11)/(-33)). What are the prime factors of d(a)?
2, 11
Let x(y) = 1279*y**2 + 1609*y + 9. What are the prime factors of x(-7)?
3, 29, 197
Suppose 8*y + 126040 = 4*z, y - 52070 = 5*z - 209656. What are the prime factors of z?
2, 3, 17, 103
Let a = -63607 - -90406. List the prime factors of a.
3, 8933
Let s(t) = 13*t - 9*t**3 + 6*t**3 - 29 + 2*t + 19*t**2 + 4*t**3. List the prime factors of s(-17).
2, 3, 7
Let d be 14/((-3)/(-2)*12/9). Let f(p) = 17*p**2 - 14*p + 73. List the prime factors of f(d).
2, 101
Let o = 146 - 145. What are the prime factors of (o + (-604)/20)/((-2)/100)?
2, 5, 73
Let l be (4 - (20/8 - -1))*14. Suppose -5*f + 5*q = -2*f, 5*f = 4*q + 13. Suppose f*u = l*u - 126. What are the prime factors of u?
3, 7
Suppose 4*k = 19*k - 240. Suppose 0 = 4*t - r - 7112, -k*r = -14*r. What are the prime factors of t?
2, 7, 127
Let c = 576 + -573. List the prime factors of (c - 5)/(30/(-10935)).
3
Let f(b) = -239*b - 158. Let z(h) = -159*h - 105. Let i(g) = -5*f(g) + 8*z(g). Let p be i(18). What are the prime factors of p/(-10) + 2/25*5?
2, 3
Suppose -l + 7 = 2*h, -2*l - 22 = -11*h + 9*h. Suppose -2*d = -3*t + 195, 0 = -2*d + h*d. List the prime factors of t.
5, 13
Let f be (-2 + 70/25)/(2/(-1780)). Let a = 293 - f. List the prime factors of a.
3, 5, 67
Let t = -1956 + 3776. Suppose -5*a + a + 1378 = 3*u, -4*u + t = a. What are the prime factors of u?
2, 227
Suppose 0 = 3*b - 3, -2*b + 0*b = -2*o. Let w be (-2 + o)/(12/(-48)). Suppose -r - w*t = -72, -6*r + 314 = -r - 3*t. What are the prime factors of r?
2
Let a(z) = -299*z + 6718. List the prime factors of a(14).
2, 3, 211
Suppose 35*x - 63 - 7 = 0. List the prime factors of (623/x)/(-7)*-42.
3, 7, 89
Let j = 3025 - 2031. What are the prime factors of j/4 + (-15)/(-6)?
251
Suppose 0 = -103*l + 100*l + 33036. Suppose -14*u - 2290 + l = 0. What are the prime factors of u?
7, 89
Let b(n) = -171*n + 2. Suppose -13*l - l - 28 = 0. List the prime factors of b(l).
2, 43
Let m(y) = -156*y - 40. List the prime factors of m(-56).
2, 1087
What are the prime factors of (-91830)/40*((-51)/(-9) + -7)?
3061
Let n(c) = -c + 3. Let x be n(-5). Let h(p) = 17 + 1 + 6 - 4 + 2*p. What are the prime factors of h(x)?
2, 3
Let z(i) = -124*i - 236. Suppose -x - 2 - 3 = 0. What are the prime factors of z(x)?
2, 3
Suppose -4*u + 1656 = 4*u. Let w = 139 + u. What are the prime factors of w?
2, 173
Let i = 93 - 95. What are the prime factors of (6 + (-102)/18)/(i/(-3282))?
547
Suppose 3*k = 2*l - 17, 7*l - 3*l + k = -1. Let n(w) = -2 + 1 - 1 + 49*w**2. What are the prime factors of n(l)?
47
Let f be (-12)/21 + (-117)/(-21). Suppose -2